- (-48 - -17))) + -13?
-15
Calculate (15 - 9 - (22 + -1)) + 75.
60
What is the value of -53 + 71 - (1 + 6) - -23?
34
(5 - -7) + (-24 + 90 - 25)
53
What is -9 + 1 + -42 + 145 + -92?
3
Calculate 6 + -14 + (7 - 5) + -11 + 2.
-15
Evaluate -37 + (-48 + 2 - -51).
-32
What is the value of 56 + (-30 - (-48 - -43))?
31
-36 + -16 + 26 + (20 - 23)
-29
What is the value of (-75 - 2) + 1680 + -1681?
-78
Calculate -11 - (10 + (-2 - (-1 + (3 - -4)))).
-13
What is the value of 2 + -19 + 6 + 16 + (2 - 8) - -14?
13
Calculate 63 - (12 + (-33 + 7 - -2)).
75
What is -12 + (-143 - 56 - -108)?
-103
Evaluate 207 - 167 - (4 - (-1 + (8 - -1))).
44
What is (-18 - 6) + -15 + -2 + 2?
-39
Calculate (-11 - -6 - 38) + 69.
26
What is -21 + -19 + (-3 - -19) + -16?
-40
What is 95 + (16 - 34) - 11?
66
48 + (-60 - -54) - (-6 + 6 + 0 - 7)
49
What is 40 + 25 - (-132 + 184)?
13
(1926 - 1910) + 14 + 0
30
(80 + -99 - 72) + 236
145
Calculate (-17 - (3 + 22 - 48)) + 15.
21
Evaluate (31 + -6 + -25 - (0 - 4) - 17) + -81.
-94
Calculate (-7 - (37 - 28)) + (-39 - 25).
-80
25 + -232 + 83 + 235
111
What is the value of 17 + (11 - -7) + -70 - 22?
-57
What is 127 + 5 + -7 - (-20 + (18 - (16 - 13)))?
130
Evaluate -6 + 1 + 0 - (-1438 + 1441) - (3 + -65).
54
Calculate 3 + 33 + -61 + 40.
15
Evaluate 13 - ((-28 - (3 + -14 + (-9 - -4))) + 95).
-70
What is the value of -14 + (18 - 0) + 10?
14
What is the value of -17 + -7 - (-21 + (54 - 33))?
-24
What is (-91 - 3) + 81 + 49?
36
What is the value of -30 + (5 - -16) + 42 + -24?
9
What is 1 + -42 - ((-3 - 57) + 68 - (2 + -1))?
-48
What is 21 + (-11 - 27) - (-11 - 3)?
-3
Calculate 1 + -1 + (179 + -183 - (2 + -1) - -59).
54
Evaluate 49 + -4 + -61 + 13.
-3
What is the value of 58 + -10 + -21 + -27?
0
-6 - ((16 + -32 - -33) + 36) - (0 - 4)
-55
What is -9 - -4 - (8 - (26 + -12 + 24))?
25
What is 9 - 15 - -16 - (7 + -11)?
14
What is the value of 5 + (3 - 1) + (29 + 32 - 88)?
-20
Evaluate (-2 + 1 - -8) + 3 - (-11 - (-29 - -55)).
47
Evaluate 61 + -61 - (-15 + 73 + 0 + -3).
-55
What is the value of -298 + (496 - 221) - (17 - 0)?
-40
What is the value of 0 - -6 - 17 - (-81 + (4 - -21))?
45
What is the value of 102 - ((131 - 69) + 23)?
17
(-53 - -59) + (-14 - 1) - (-14 - (-1 - -4))
8
What is (37 - -3) + -325 + 73 + 83?
-129
What is the value of -24 + (-5 + 22 - -9 - -22)?
24
What is -63 + (0 - (8 - (-3 - -7))) - (-101 - -89)?
-55
What is -5 + (1 + -7 - -6) - -10 - (38 - 28)?
-5
Calculate (-1 + 1 + 1 - -8) + -186 + 261 + -20.
64
What is (-22 - 26 - -29) + 6 + 75 + 4?
66
What is (-1 - -21) + (127 - 33) + -92?
22
42 + (75 - (80 - -62))
-25
Evaluate 14 - -9 - 26 - (-4 + -3) - (6 - 2).
0
Calculate -78 - (-21 + 5 - (22 - 36) - 13).
-63
What is the value of (-7 - (11 + -46 - -46)) + (-90 - -1)?
-107
What is the value of -15 - -26 - (-21 - (-11 + (20 - 9)))?
32
(4 - -5) + -18 + -73 + 33
-49
What is the value of -35 + 16 + 3 + -29?
-45
55 + 18 + -43 - 113
-83
Calculate -72 - (-6 + (-37 + 0 - -18)).
-47
11 - -2 - (36 - (154 + -121))
10
Evaluate (12 - 2) + -22 - -6 - -1 - 17.
-22
Evaluate -7 + (7 - (14 - -6 - 15) - -49).
44
What is the value of -297 - -408 - (5 + -15 - (-1 - 5))?
115
What is (8 + 0 - (331 + -333)) + -8?
2
(-2 + -46 - (-417 + 378)) + (1 - 40)
-48
Evaluate 54 + (-13 - -32 - 68).
5
(-14 - (-26 - -7)) + -3 + (6 - -144)
152
(21 + -14 - (61 - -3)) + -23 + 13 + 0
-67
What is the value of -6094 + 6095 + (-1 - 2 - (-2 + 43))?
-43
Calculate -39 + 3 - 3 - (-6 + 0 + (-2 - 0)).
-31
What is (25 - 44 - -48) + -7?
22
What is (1 - -4) + (42 + 1 + -247 - -62)?
-137
Calculate (159 + -139 - (-4 + 9)) + -7 + -1.
7
(-7 - (47 + -6) - -15) + -24
-57
What is the value of 35 + 1 + -37 - -28?
27
What is the value of (-3 - (2 + -3)) + (-1 - -35) + (-430 - -448)?
50
Calculate (-18 - -9) + 38 + 15.
44
Evaluate (0 - 1) + (4 - -8) + -5 + 6 + 5.
17
-15 - 2 - -2 - (-48 + -112 - -136)
9
Calculate -14 + 16 - (69 + 1) - (40 + -70 - -45).
-83
Calculate -20 - ((29 - 8) + (-29 - 11)).
-1
What is the value of 0 + 61 + (-2084 - -2042) + -72?
-53
Calculate 6 + -10 - ((-12 - -8) + -3) - -2.
5
What is the value of 7 + (-14 + 2 + -4 - (-36 - -40 - -7))?
-20
What is (26 - (112 + -41)) + 7?
-38
Evaluate 74 - -2 - ((-28 - (-33 + 22)) + 24).
69
Calculate -28 + 20 - (0 + (-1 - -6 - (-5 - -7))).
-11
What is -1 - 93 - (-8 - ((-24 - -1) + (26 - -2)))?
-81
What is the value of (14 + -5 - -1) + (6 - -3) + -3 + -7?
9
What is the value of 87 - (-325 - -329 - (6 + -41))?
48
33 - (-10 + -3 + (-5 - (-8 - 4)))
39
Calculate 93 + (-18 - (1 - 10) - (-28 - -15 - -11)).
86
149 - (34 - -4) - 211
-100
8 - (-11 - 1 - -17) - 57 - -12
-42
Evaluate 17 + -15 + 0 - (1 + -10 - 1).
12
Evaluate 129 - (-40 + 43) - 92.
34
What is the value of -155 + 20 + 27 - -62?
-46
What is the value of (-1 + 0 - (-5 - -26)) + 17?
-5
Evaluate 11 - ((450 - 460) + 32 + 0).
-11
Evaluate 45 + -37 + 11 + -7 + -8 + 3 + 35.
42
Evaluate 18 + (90 - 53) - 22.
33
Calculate 17 - (5 - 12 - (-37 + 17 + -28)).
-24
Evaluate -63 + 28 - (47 + -143).
61
Calculate 5 + -9 - (-9 - -1) - ((-61 - -87) + 5).
-27
(4 - 84) + (411 - 286)
45
Evaluate 0 - -3 - ((17 + 0 + -8 - 5) + 0).
-1
Evaluate 38 + (41 + (-24 - 2) - 4 - (0 + 24)).
25
What is -2 + -5 + 17 + (-40 - (1 - (-9 + 9)))?
-31
Evaluate 6 - (-92 + (11 + (-22 - -2) - -17) + -12).
102
Evaluate -7 + -85 - (80 + -128).
-44
Calculate -18 + 13 + (-101 + 0 - (-23 + 9)).
-92
(20 - (-15 + 39)) + (-22 - 6)
-32
-11 - (51 - (11 - (11 + 3 + -2 - 1)))
-62
Evaluate 26 + -3 - (-20 + 2 - (-5 + 1 + -4)).
33
-3 + 3 + 37 + -1 + -21 - (0 + 6)
9
-3 + 8 + (45 - 43 - (-2 + 5)) + 20
24
(-34 - -4) + (44 - 23) - (-32 + 6 + -3)
20
What is -2 - (37 + (-14 - 44))?
19
What is 189 + -182 + (-4 - -1) + 44?
48
30 + -67 - (19 - (17 + 57))
18
What is the value of (-19 - (11 - 28)) + (4 - 0) + 57 + 0?
59
What is the value of -41 + 46 - (4 + -12 - -6)?
7
What is 1 + 34 - (18008 - 17994)?
21
What is the value of 18 + (-9 - 8 - (16 - 12))?
-3
Calculate 13 + 1 - (10 - (10 - -8 - 17)) - -4.
9
13 + (8 - 15) + -7 + 6
5
What is the value of (-1 + 27 + (25 - 58) - (-71 - -1)) + -5?
58
What is the value of (102 - 162) + -4 + 37?
-27
12 - (3 + 1) - (-92 + 74)
26
Calculate 17 - (8 + -2 + -51).
62
Evaluate -718 + 715 - (-5 + 6 + 2 + 49).
-55
-153 - (42 + -10) - -40 - (3 - 4)
-144
Evaluate 6 - (-3 - -2 - (-144 + 136 - (8 + 2))).
-11
What is (-9 - (46 + (-11 - -4) - 3)) + (-1 - -4)?
-42
Calculate -1 + 13 - 62 - (-19 + 7) - -7.
-31
Evaluate 19 + (-26 - (80 + -54)) + (2 - 3 - 7).
-41
Calculate 9 + -2 + (-1 - 0) - (51 - (-26 + 37)).
-34
What is 70 + -19 + 9 + 1 - (-11 - (1 - 3))?
70
What is the value of -115 + ((-7 + -21 - -16) + (0 - 2) - -5)?
-124
What is the value of -878 + 922 + (-3 - -20)?
61
What is the value of (-47 - (-6 + 12 - (16 - 4))) + 1?
-40
What is (160 - (-16 + 67)) + -219?
-110
What is -14 + (2 - ((29 - 32) + -6))?
-3
Calculate 8 - (-2 - (-10 + (-5 - -15) + -3) - -37).
-30
Evaluate 83 + -1 - (207 - 233).
108
Calculate 18 + (-9 - 123 - -39).
-75
What is the value of 13 - (-42 + (39 - 18) - 15)?
49
What is 0 + 17 - (27 + 8 + 3)?
-21
What is the value of -14 + 4 + 27 + 4 + -121 + -10?
-110
Evaluate -1 + -52 + (-29 - 4).
-86
What is 20 + -25 + 9 + 11?
15
What is the value of -283 + 265 + (107 - 20)?
69
What is 11 + 1 - (-1020 - -996)?
36
What is 1 + 5 + (-3 - 2 - (22 + -29 + 34))?
-26
What is the value of -457 + 156 + 316 - (-139 + 1 + -1)?
154
Evaluate (0 + -1 - (-5 - -3)) + (-48 + -27 - -115).
41
What is -5 + (-52 - -6 - -77)?
26
(6 - (15 + -16)) + -37 + 11
-19
(-55 - (-20 + 42)) + -27
-104
What is the value of (0 - 5 - -3) + -169 + 171 - -2?
2
What is the value of 4 + (4 - 11 - (29 + -25))?
-7
What is the value of -62 + 56 - (3 + 40 - -3) - (-23 + 17)?
-46
What is the value of 4 - ((-42 - 1) + 3 + 12 + -2 + -21)?
55
(-49 - 1) + (-1276 - -1322)
-4
What is -23491 - -23451 - (4 + 1 + 1 + (-1 - 0))?
-45
Calculate -8 + (1 - -7) - (-4 - 0) - (-65 + 15).
54
What is the value of -19 + -14 + (7 - 12) + 5?
-33
What is the value of 174 + -184 - ((-2 - 5 - -10) + 7)?
-20
Evaluate 1 + -66 - (-4 + 2) - (39 + (-125 - -80)).
-57
-52 - (37 + -3 + -54)
-32
What is 8 + (29 - (12 + (21 - -21)))?
-17
-27 - -94 - 47 - 61
-41
What is 9 - (-40 + (65 - 56))?
40
What is -29 + 78 - 11 - -10?
48
What is 69 + -43 - (5 + 2) - 3?
16
What is the value of (101 - (74 + 3)) + (-56 - -2)?
-30